ase 10.
-8
Convert 2 (base 9) to base 5.
2
224 (base 9) to base 15
c4
What is 103 (base 5) in base 14?
20
What is 69 (base 11) in base 5?
300
What is -15 (base 6) in base 9?
-12
What is -9 (base 10) in base 12?
-9
What is 37 (base 8) in base 16?
1f
What is -31 (base 4) in base 3?
-111
Convert 34 (base 10) to base 9.
37
Convert -11 (base 10) to base 9.
-12
What is -a (base 13) in base 3?
-101
Convert 52 (base 9) to base 16.
2f
-4 (base 9) to base 11
-4
What is -5 (base 13) in base 10?
-5
Convert -14 (base 6) to base 5.
-20
What is 0 (base 14) in base 5?
0
-13 (base 6) to base 8
-11
Convert -11100 (base 2) to base 4.
-130
What is -10 (base 9) in base 6?
-13
Convert 10 (base 3) to base 14.
3
Convert -11 (base 6) to base 12.
-7
-25 (base 14) to base 2
-100001
Convert 26 (base 9) to base 11.
22
What is -1 (base 11) in base 4?
-1
What is -2100 (base 4) in base 15?
-99
What is 2 (base 16) in base 2?
10
What is 0 (base 13) in base 10?
0
105 (base 9) to base 13
68
What is -4 (base 6) in base 9?
-4
What is 14b (base 14) in base 12?
19b
33 (base 4) to base 11
14
What is 29 (base 12) in base 8?
41
Convert -1 (base 3) to base 6.
-1
Convert 5 (base 14) to base 11.
5
What is -1001 (base 2) in base 16?
-9
3 (base 9) to base 6
3
What is -26 (base 8) in base 6?
-34
What is 120 (base 3) in base 11?
14
2 (base 11) to base 4
2
-2 (base 10) to base 14
-2
Convert -16 (base 12) to base 13.
-15
Convert -11 (base 15) to base 10.
-16
Convert 3 (base 16) to base 5.
3
What is 22 (base 3) in base 4?
20
141 (base 6) to base 7
115
What is 146 (base 8) in base 11?
93
What is 84 (base 15) in base 7?
235
Convert 1 (base 7) to base 5.
1
11 (base 7) to base 3
22
-8 (base 13) to base 15
-8
What is -4 (base 9) in base 11?
-4
5 (base 14) to base 6
5
11 (base 3) to base 15
4
Convert 31 (base 9) to base 6.
44
Convert -24 (base 6) to base 4.
-100
What is -2 (base 12) in base 3?
-2
Convert -88 (base 10) to base 3.
-10021
What is -20 (base 5) in base 3?
-101
Convert 11b (base 12) to base 13.
cb
Convert 101201 (base 3) to base 6.
1201
-11 (base 11) to base 7
-15
Convert 110 (base 2) to base 13.
6
Convert -231 (base 4) to base 5.
-140
Convert 1 (base 6) to base 5.
1
What is -64 (base 7) in base 15?
-31
Convert -100 (base 2) to base 3.
-11
Convert -2 (base 11) to base 2.
-10
What is -50 (base 12) in base 11?
-55
Convert ea (base 16) to base 13.
150
-5 (base 9) to base 12
-5
What is 6 (base 13) in base 6?
10
9 (base 13) to base 11
9
-2 (base 8) to base 12
-2
Convert -110 (base 3) to base 12.
-10
-1 (base 5) to base 2
-1
What is -139 (base 13) in base 4?
-3121
Convert 11 (base 6) to base 8.
7
What is -2 (base 8) in base 14?
-2
What is -46 (base 13) in base 8?
-72
Convert 4 (base 6) to base 10.
4
-2 (base 12) to base 3
-2
What is 0 (base 13) in base 3?
0
Convert -3 (base 11) to base 9.
-3
What is -5 (base 9) in base 8?
-5
Convert 6 (base 10) to base 4.
12
2 (base 4) to base 8
2
-5 (base 6) to base 11
-5
2 (base 13) to base 3
2
What is 1100111 (base 2) in base 4?
1213
What is -11 (base 2) in base 6?
-3
39 (base 12) to base 10
45
What is 4 (base 8) in base 10?
4
What is 1 (base 15) in base 11?
1
2 (base 3) to base 9
2
Convert -1310 (base 6) to base 14.
-198
-1 (base 4) to base 3
-1
Convert 4 (base 5) to base 11.
4
-110 (base 2) to base 13
-6
What is ca (base 13) in base 8?
246
What is -1000 (base 2) in base 4?
-20
-242 (base 5) to base 4
-1020
What is -9 (base 15) in base 11?
-9
What is -1b (base 13) in base 10?
-24
What is -32 (base 4) in base 15?
-e
Convert 10 (base 2) to base 11.
2
What is 3 (base 13) in base 4?
3
47 (base 14) to base 6
143
Convert 35 (base 11) to base 12.
32
-242 (base 5) to base 16
-48
-251 (base 7) to base 13
-a4
33 (base 6) to base 7
30
-1310 (base 4) to base 12
-98
What is 24 (base 15) in base 6?
54
Convert -1 (base 5) to base 12.
-1
Convert 12 (base 10) to base 2.
1100
125 (base 8) to base 10
85
225 (base 11) to base 14
153
26 (base 7) to base 6
32
Convert 1222 (base 3) to base 13.
41
Convert 110100 (base 2) to base 11.
48
What is 1 (base 8) in base 9?
1
What is -157 (base 12) in base 2?
-11010011
50 (base 9) to base 4
231
-103 (base 9) to base 12
-70
What is -1 (base 10) in base 3?
-1
6 (base 12) to base 4
12
110 (base 3) to base 13
c
What is -152 (base 7) in base 11?
-79
What is 116 (base 11) in base 8?
212
Convert 5 (base 8) to base 13.
5
-1 (base 6) to base 10
-1
What is 1 (base 14) in base 2?
1
What is -3 (base 9) in base 5?
-3
What is 2 (base 15) in base 9?
2
What is -10 (base 11) in base 16?
-b
Convert 4a (base 13) to base 5.
222
cd (base 14) to base 12
131
What is -10 (base 6) in base 16?
-6
-44 (base 11) to base 4
-300
-1 (base 14) to base 13
-1
-101 (base 3) to base 2
-1010
2 (base 5) to base 9
2
What is 10 (base 4) in base 5?
4
Convert -105 (base 9) to base 14.
-62
1 (base 8) to base 16
1
2 (base 13) to base 14
2
27 (base 16) to base 5
124
Convert -100 (base 2) to base 9.
-4
Convert -10101110 (base 2) to base 10.
-174
143 (base 6) to base 16
3f
3 (base 5) to base 15
3
What is 4 (base 8) in base 5?
4
What is 5d (base 16) in base 10?
93
-1 (base 11) to base 9
-1
101 (base 3) to base 15
a
Convert 62 (base 7) to base 2.
101100
What is 445 (base 6) in base 14?
c5
1 (base 12) to base 13
1
What is -3 (base 10) in base 8?
-3
What is 4 (base 14) in base 11?
4
What is -1131 (base 5) in base 16?
-a6
1 (base 2) to base 14
1
What is 11 (base 15) in base 8?
20
Convert 2 (base 6) to base 8.
2
What is 1d (base 15) in base 3?
1001
-1001 (base 4) to base 12
-55
What is 0 (base 5) in base 11?
0
Convert -158 (base 12) to base 11.
-183
Convert -222 (base 4) to base 16.
-2a
What is -4b (base 15) in base 6?
-155
What is 267 (base 9) in base 13?
142
-1 (base 9) to base 16
-1
What is 0 (base 7) in base 8?
0
-111111 (base 2) to base 11
-58
What is -1010 (base 2) in base 4?
-22
Convert 10 (base 7) to base 9.
7
-36 (base 11) to base 12
-33
-56 (base 10) to base 5
-211
Convert 1 (base 14) to base 10.
1
What is 5 (base 10) in base 13?
5
What is 1000100 (base 2) in base 12?
58
174 (base 8) to base 7
235
What is 128 (base 10) in base 16?
80
12000 (base 3) to base 5
1020
-1001 (base 2) to base 13
-9
2 (base 4) to base 11
2
Convert -33 (base 6) to base 15.
-16
113 (base 5) to base 4
201
Convert 1 (base 8) to base 16.
1
What is 43 (base 5) in base 9?
25
Convert 66 (base 12) to base 13.
60
What is -2 (base 14) in base 10?
-2
Convert 2 (base 13) to base 16.
2
What is -10 (base 8) in base 10?
-8
Convert 11 (base 15) to base 16.
10
Convert 100200 (base 3) to base 5.
2021
What is -10 (base 2) in base 6?
-2
What is 1b (base 13) in base 6?
40
What is -2 (base 11) in base 6?
-2
What is 304 (base 5) in base 15?
54
0 (base 4) to base 12
0
Convert 5d (base 14) to base 12.
6b
-3 (base 12) to base 7
-3
Convert -203 (base 6) to base 9.
-83
0 (base 7) to base 2
0
158 (base 9) to base 5
1014
What is -2 (base 8) in base 15?
-2
20 (base 5) to base 16
a
What is -2 (base 7) in base 9?
-2
5d (base 15) to base 9
107
-344 (base 6) to base 7
-253
0 (base 9) to base 6
0
Convert -6 (base 12) to base 13.
-6
Convert 19 (base 11) to base 7.
26
21 (base 6) to base 13
10
-1 (base 2) to base 11
-1
Convert -b (base 15) to base 10.
-11
Convert 0 (base 10) to base 8.
0
What is -100 (base 10) in base 9?
-121
1 (base 4) to base 6
1
What is 4 (base 8) in base 10?
4
What is 1 (base 13) in base 8?
1
What is 10 (base 6) in base 12?
6
1 (base 8) to base 7
1
Convert -1 (base 14) to base 16.
-1
What is 6 (base 7) in base 10?
6
-98 (base 10) to base 2
-1100010
What is -2 (base 5) in base 12?
-2
What is -1 (base 8) in base 5?
-1
Convert -10 (base 15) to base 11.
-14
What is 0 (base 7) in base 8?
0
Convert -10 (base 4) to base 8.
-4
1100 (base 2) to base 3
110
Convert 7 (base 10) to base 8.
7
Convert 2 (base 16) to base 10.
2
What is 5 (base 12) in base 9?
5
2b (base 16) to base 9
47
Convert -100111001 (base 2) to base 8.
-471
Convert 10100 (base 2) to base 16.
14
What is 4b (base 16) in base 2?
1001011
Convert 3a (base 11) to base 8.
53
15 (base 6) to base 13
b
Convert -11 (base 12) to base 13.
-10
What is -34 (base 7) in base 16?
-19
Convert -8 (base 12) to base 4.
-20
-15 (base 16) to base 4
-111
Convert -10 (base 10) to base 7.
-13
-2320 (base 4) to base 13
-112
-21 (base 4) to base 9
-10
Convert 17 (base 13) to base 8.
24
What is